{"id":71,"date":"2010-03-25T12:35:56","date_gmt":"2010-03-25T11:35:56","guid":{"rendered":"http:\/\/almenmedicin-nord.dk\/?page_id=71"},"modified":"2025-06-20T06:58:37","modified_gmt":"2025-06-20T05:58:37","slug":"vagtl%c3%a6gekursus","status":"publish","type":"page","link":"http:\/\/almenmedicin-nord.dk\/?page_id=71","title":{"rendered":"Deltagelse i l\u00e6gevagten"},"content":{"rendered":"<p>En vigtig del af uddannelsen i almen medicin er naturligvis l\u00e6gevagten.<\/p>\n<p>P\u00e5 nedenst\u00e5ende dokumenter st\u00e5r de aktuelle krav og rettigheder for uddannelsesl\u00e6gens deltagelse i l\u00e6gevagten.<\/p>\n<p><a href=\"http:\/\/almenmedicin-nord.dk\/wp-content\/uploads\/2025\/06\/Vagter-HU-l\u00e6ger.pdf\">G\u00e6ldende for m\u00e5lbeskrivelse fra 2013<\/a><\/p>\n<p>Det er vigtigt at b\u00e5de uddannelsesl\u00e6gen og tutorl\u00e6gen er opm\u00e6rksomme p\u00e5 at uddannelsesl\u00e6gen gennemf\u00f8rer det n\u00f8dvendige antal vagter og superviseres tilstr\u00e6kkeligt.<\/p>\n<p>Som beskrevet kan uddannelsesl\u00e6ger nu s\u00f8ge eget ydernr. fra fase 1. Det er et krav at man har taget vagtkursus, og p\u00e5 dette vil de n\u00e6rmere regler blive beskrevet, men vigtige pointer er:<\/p>\n<ul>\n<li>Det er nu gratis at have et vagtydernummer.<\/li>\n<li>Man p\u00e5l\u00e6gges ikke vagter (ej heller ulempevagter), s\u00e5 l\u00e6nge man er p\u00e5 sygehusdelen.<\/li>\n<li>Man kan altid kontakte visitator hvis man har behov for supervision til en patient.<\/li>\n<\/ul>\n<p>Vagtudvalget har pr. marts\u00a02018 forfattet\u00a0<a href=\"http:\/\/almenmedicin-nord.dk\/wp-content\/uploads\/2010\/03\/Yngre-l\u00e6ger-vagtarbejde2018.pdf\" target=\"_blank\" rel=\"noopener noreferrer\">dette brev<\/a><\/p>\n","protected":false},"excerpt":{"rendered":"<p>En vigtig del af uddannelsen i almen medicin er naturligvis l\u00e6gevagten. P\u00e5 nedenst\u00e5ende dokumenter st\u00e5r de aktuelle krav og rettigheder for uddannelsesl\u00e6gens deltagelse i l\u00e6gevagten. G\u00e6ldende for m\u00e5lbeskrivelse fra 2013 Det er vigtigt at b\u00e5de uddannelsesl\u00e6gen og tutorl\u00e6gen er opm\u00e6rksomme p\u00e5 at uddannelsesl\u00e6gen gennemf\u00f8rer det n\u00f8dvendige antal vagter og superviseres tilstr\u00e6kkeligt. Som beskrevet kan uddannelsesl\u00e6ger&#8230;<\/p>\n","protected":false},"author":1,"featured_media":0,"parent":3,"menu_order":2,"comment_status":"closed","ping_status":"open","template":"","meta":{"_kadence_starter_templates_imported_post":false,"_kad_post_transparent":"","_kad_post_title":"","_kad_post_layout":"","_kad_post_sidebar_id":"","_kad_post_content_style":"","_kad_post_vertical_padding":"","_kad_post_feature":"","_kad_post_feature_position":"","_kad_post_header":false,"_kad_post_footer":false,"_kad_post_classname":"","footnotes":""},"class_list":["post-71","page","type-page","status-publish","hentry"],"_links":{"self":[{"href":"http:\/\/almenmedicin-nord.dk\/index.php?rest_route=\/wp\/v2\/pages\/71","targetHints":{"allow":["GET"]}}],"collection":[{"href":"http:\/\/almenmedicin-nord.dk\/index.php?rest_route=\/wp\/v2\/pages"}],"about":[{"href":"http:\/\/almenmedicin-nord.dk\/index.php?rest_route=\/wp\/v2\/types\/page"}],"author":[{"embeddable":true,"href":"http:\/\/almenmedicin-nord.dk\/index.php?rest_route=\/wp\/v2\/users\/1"}],"replies":[{"embeddable":true,"href":"http:\/\/almenmedicin-nord.dk\/index.php?rest_route=%2Fwp%2Fv2%2Fcomments&post=71"}],"version-history":[{"count":16,"href":"http:\/\/almenmedicin-nord.dk\/index.php?rest_route=\/wp\/v2\/pages\/71\/revisions"}],"predecessor-version":[{"id":1313,"href":"http:\/\/almenmedicin-nord.dk\/index.php?rest_route=\/wp\/v2\/pages\/71\/revisions\/1313"}],"up":[{"embeddable":true,"href":"http:\/\/almenmedicin-nord.dk\/index.php?rest_route=\/wp\/v2\/pages\/3"}],"wp:attachment":[{"href":"http:\/\/almenmedicin-nord.dk\/index.php?rest_route=%2Fwp%2Fv2%2Fmedia&parent=71"}],"curies":[{"name":"wp","href":"https:\/\/api.w.org\/{rel}","templated":true}]}}