{"id":1187,"date":"2021-11-28T20:49:32","date_gmt":"2021-11-28T19:49:32","guid":{"rendered":"http:\/\/almenmedicin-nord.dk\/?page_id=1187"},"modified":"2022-02-17T10:12:13","modified_gmt":"2022-02-17T09:12:13","slug":"uddannelseskonsulenter","status":"publish","type":"page","link":"http:\/\/almenmedicin-nord.dk\/?page_id=1187","title":{"rendered":"Uddannelseskonsulenter"},"content":{"rendered":"\n<p>P\u00e5 <a href=\"https:\/\/rn.dk\/genveje\/karriere\/laege\/uddannelseslaege\/kontakt-os\" target=\"_blank\" rel=\"noreferrer noopener\" aria-label=\" (\u00e5bner i en ny fane)\">denne side<\/a> kan du finde oplysninger om de uddannelseskonsulenter fra regionen, der hj\u00e6lper med alt det praktiske omkring uddannelsesforl\u00f8b.<br>Der kan du ogs\u00e5 l\u00e6se flere praktiske oplysninger ift. l\u00e6geboliger, ans\u00f8gningsrunder og -samtaler, procedurer mv.<\/p>\n","protected":false},"excerpt":{"rendered":"<p>P\u00e5 denne side kan du finde oplysninger om de uddannelseskonsulenter fra regionen, der hj\u00e6lper med alt det praktiske omkring uddannelsesforl\u00f8b.Der kan du ogs\u00e5 l\u00e6se flere praktiske oplysninger ift. l\u00e6geboliger, ans\u00f8gningsrunder og -samtaler, procedurer mv.<\/p>\n","protected":false},"author":1,"featured_media":0,"parent":11,"menu_order":2,"comment_status":"closed","ping_status":"closed","template":"","meta":{"_kadence_starter_templates_imported_post":false,"_kad_post_transparent":"","_kad_post_title":"","_kad_post_layout":"","_kad_post_sidebar_id":"","_kad_post_content_style":"","_kad_post_vertical_padding":"","_kad_post_feature":"","_kad_post_feature_position":"","_kad_post_header":false,"_kad_post_footer":false,"_kad_post_classname":"","footnotes":""},"class_list":["post-1187","page","type-page","status-publish","hentry"],"_links":{"self":[{"href":"http:\/\/almenmedicin-nord.dk\/index.php?rest_route=\/wp\/v2\/pages\/1187","targetHints":{"allow":["GET"]}}],"collection":[{"href":"http:\/\/almenmedicin-nord.dk\/index.php?rest_route=\/wp\/v2\/pages"}],"about":[{"href":"http:\/\/almenmedicin-nord.dk\/index.php?rest_route=\/wp\/v2\/types\/page"}],"author":[{"embeddable":true,"href":"http:\/\/almenmedicin-nord.dk\/index.php?rest_route=\/wp\/v2\/users\/1"}],"replies":[{"embeddable":true,"href":"http:\/\/almenmedicin-nord.dk\/index.php?rest_route=%2Fwp%2Fv2%2Fcomments&post=1187"}],"version-history":[{"count":2,"href":"http:\/\/almenmedicin-nord.dk\/index.php?rest_route=\/wp\/v2\/pages\/1187\/revisions"}],"predecessor-version":[{"id":1211,"href":"http:\/\/almenmedicin-nord.dk\/index.php?rest_route=\/wp\/v2\/pages\/1187\/revisions\/1211"}],"up":[{"embeddable":true,"href":"http:\/\/almenmedicin-nord.dk\/index.php?rest_route=\/wp\/v2\/pages\/11"}],"wp:attachment":[{"href":"http:\/\/almenmedicin-nord.dk\/index.php?rest_route=%2Fwp%2Fv2%2Fmedia&parent=1187"}],"curies":[{"name":"wp","href":"https:\/\/api.w.org\/{rel}","templated":true}]}}